e?
False
Is 19903 a composite number?
True
Is 37393 a composite number?
True
Is 20143 a prime number?
True
Is 336363 prime?
False
Is 53359 composite?
False
Is 92471 a composite number?
True
Is 3715559 prime?
True
Is 134489 a prime number?
True
Is 3761 prime?
True
Is 2789 prime?
True
Is 24454 prime?
False
Is 320009 prime?
True
Is 7151 a composite number?
False
Is 1024663 prime?
True
Is 3761 a prime number?
True
Is 6914 a composite number?
True
Is 29789 a composite number?
False
Is 6614 prime?
False
Is 11311 a composite number?
False
Is 13303 a prime number?
False
Is 432577 prime?
True
Is 269083 prime?
False
Is 2452649 a prime number?
True
Is 15682 composite?
True
Is 324053 a prime number?
True
Is 16183 a composite number?
False
Is 62821 prime?
False
Is 13123 a prime number?
False
Is 1501 a composite number?
True
Is 184627 a composite number?
False
Is 62683 a prime number?
True
Is 11389 a composite number?
True
Is 17467 composite?
False
Is 14613 a composite number?
True
Is 197881 a prime number?
False
Is 299603 composite?
False
Is 672859 composite?
True
Is 7255 prime?
False
Is 929549 prime?
True
Is 81799 a composite number?
False
Is 633 a composite number?
True
Is 3043 a prime number?
False
Is 1519967 a prime number?
True
Is 1778591 composite?
True
Is 1563811 a prime number?
True
Is 876479 a composite number?
False
Is 103498 composite?
True
Is 3989 a prime number?
True
Is 97891 a prime number?
False
Is 284299 prime?
False
Is 253601 composite?
False
Is 1039 a composite number?
False
Is 29769 a prime number?
False
Is 8499 composite?
True
Is 55127 a prime number?
True
Is 12889 composite?
False
Is 81743 a prime number?
False
Is 1899827 a prime number?
True
Is 198137 prime?
False
Is 541 prime?
True
Is 3659 a composite number?
False
Is 761741 a prime number?
False
Is 723755 composite?
True
Is 987841 a composite number?
True
Is 62219 prime?
True
Is 5953069 composite?
False
Is 478241 prime?
True
Is 19643 prime?
False
Is 5807 prime?
True
Is 155119 a composite number?
False
Is 3109771 prime?
False
Is 329983 a composite number?
True
Is 709 prime?
True
Is 185417 prime?
False
Is 21083 composite?
True
Is 188249 prime?
True
Is 182647 a prime number?
False
Is 96647 prime?
False
Is 34907 prime?
False
Is 14699 prime?
True
Is 58477 a prime number?
True
Is 36373 composite?
False
Is 284761 a prime number?
False
Is 3107 prime?
False
Is 87583 a prime number?
True
Is 6071 composite?
True
Is 107339 a composite number?
False
Is 52517 prime?
True
Is 472151 a prime number?
True
Is 526733 a composite number?
False
Is 15101 composite?
False
Is 115715 a composite number?
True
Is 98341 prime?
False
Is 280451 prime?
True
Is 69233 a prime number?
True
Is 1193 a prime number?
True
Is 1186489 prime?
True
Is 8263 prime?
True
Is 30787 composite?
True
Is 60887 prime?
True
Is 4091 a composite number?
False
Is 29917 composite?
False
Is 8563 prime?
True
Is 64661 composite?
False
Is 541 prime?
True
Is 35491 prime?
True
Is 18087 a composite number?
True
Is 1449347 composite?
True
Is 321274 composite?
True
Is 128959 a prime number?
True
Is 8413 prime?
False
Is 3557 a composite number?
False
Is 333733 a composite number?
True
Is 13291 a prime number?
True
Is 370127 a composite number?
True
Is 1335481 composite?
True
Is 155029 composite?
True
Is 68023 prime?
True
Is 17209 a prime number?
True
Is 1186337 prime?
True
Is 12235 a prime number?
False
Is 14509 prime?
False
Is 24469 a prime number?
True
Is 1367182 prime?
False
Is 8171 prime?
True
Is 211213 a composite number?
False
Is 1951571 a prime number?
False
Is 6029 prime?
True
Is 22843 composite?
True
Is 62707 composite?
True
Is 1009343 prime?
True
Is 611627 prime?
False
Is 10541 a prime number?
False
Is 14621 prime?
True
Is 4393 prime?
False
Is 359719 prime?
True
Is 24643 prime?
False
Is 30011 prime?
True
Is 11855 composite?
True
Is 26483 prime?
False
Is 6299 a prime number?
True
Is 280219 a composite number?
False
Is 38593 composite?
False
Is 689567 composite?
True
Is 5137 a composite number?
True
Is 31087 composite?
True
Is 226741 a composite number?
False
Is 5387 prime?
True
Is 250489 prime?
True
Is 1133 prime?
False
Is 310861 composite?
False
Is 959 composite?
True
Is 39079 composite?
False
Is 388447 a prime number?
False
Is 32647 prime?
True
Is 27647 prime?
True
Is 2491 a composite number?
True
Is 279193 composite?
True
Is 13751 prime?
True
Is 48017 a composite number?
False
Is 181141 a composite number?
False
Is 108743 a prime number?
False
Is 13751 a composite number?
False
Is 108901 a prime number?
False
Is 9467 a composite number?
False
Is 163 composite?
False
Is 557111 a composite number?
True
Is 121037 prime?
False
Is 21653 composite?
True
Is 527259 composite?
True
Is 10133 a composite number?
False
Is 64367 a prime number?
False
Is 113417 prime?
True
Is 223703 composite?
True
Is 1597 a prime number?
True
Is 1883743 a prime number?
True
Is 3130199 a prime number?
True
Is 64217 a prime number?
True
Is 1257889 a prime number?
False
Is 181409 composite?
False
Is 489 a prime number?
False
Is 5077 a prime number?
True
Is 24233 a composite number?
True
Is 17337 prime?
False
Is 76079 composite?
False
Is 18041 composite?
False
Is 142369 prime?
True
Is 229813 prime?
True
Is 6209 a prime number?
False
Is 332147 composite?
False
Is 98041 a composite number?
False
Is 139247 composite?
True
Is 28859 composite?
False
Is 4267 prime?
False
Is 24307 composite?
True
Is 1733041 composite?
False
Is 168721 a prime number?
False
Is 7241 a prime number?
False
Is 27997 composite?
False
Is 2459 prime?
True
Is 80329 a prime number?
True
Is 52609 prime?
True
Is 1087 a composite number?
False
Is 120661 a prime number?
True
Is 303035 a prime number?
False
Is 29819 prime?
True
Is 3353 a prime number?
False
Is 2576027 a prime number?
False
Is 72859 composite?
False
Is 177863 prime?
False
Is 827779 a composite number?
False
Is 847047 composite?
True
Is 36082 composite?
True
Is 442903 a composite number?
False
Is 899917 a prime number?
True
Is 422717 a prime number?
False
Is 213329 a prime number?
True
Is 148514 a composite number?
True
Is 2161 a prime number?
True
Is 274 composite?
True
Is 297049 a composite number?
False
Is 739055 composite?
True
Is 108971 composite?
False
Is 7711 a prime number?
False
Is 369245 a prime number?
False
Is 331883 composite?
False
Is 7745 composite?
True
Is 219845 prime?
False
Is 50969 a composite number?
False
Is 13682 a composite number?
True
Is 5039 composite?
False
Is 345041 composite?
False
Is 167801 a prime number?
True
Is 7147 a composite number?
True
Is 38113 a prime number?
True
Is 962303 composite?
False
Is 36037 composite?
False
Is 208277 a composite number?
False
Is 9239 composite?
False
Is 131969 a composite number?
False
Is 8187 a prime number?
False
Is 39965 a prime number?
False
Is 223 composite?
False
Is 4037 prime?
False
Is 496361 a prime number?
False
Is 693089 a prime number?
True
Is 78879 prime?
False
Is 2901 composite?
True
Is 14743 composite?
True
Is 31121 a composite number?
False
Is 1043 a prime number?
False
Is 27827 prime?
True
Is 1998731 a prime number?
False
Is 260641 composite?
True
Is 35591 a prime number?
True
Is 1209679 a composite number?
True
Is 9731 prime?
False
Is 4481 prime?
True
Is 1018867 prime?
False
Is 2990899 prime?
True
Is 32397 a prime number?
False
Is 4279 a prime number?
False
Is 4703 a composite number?
False
Is 632969 composite?
True
Is 66029 a prime number?
True
Is 200971 prime?
True
Is 2719 a composite number?
False
Is 989203 a prime number?
False
Is 35285 prime?
False
Is 90983 prime?
False
Is 23007 a prime number?
False
Is 1704863 composite?
True
Is 2459 a prime number?
True
Is 3420907 composite?
True
Is 1866941 a prime number?
True
Is 5507 a composite number?
False
Is 11579 a prime number?
True
Is 319537 a prime number?
False
Is 211681 prime?
True
Is 12323 a composite number?
False
Is 82079 prime?
False
Is 12517 prime?
True
Is 13463 prime?
True
Is 21647 composite?
False
Is 141761 composite?
False
Is 479887 a composite number?
True
Is 5263 prime?
False
Is 2393 composite?
False
Is 15893 a composite number?
True
Is 10967 prime?
False
Is 354839 a composite number?
False
Is 79042 a prime number?
False
Is 455191 prime?
False
Is 5981 a composite number?
False
Is 223939 composite?
